2
Suppose 4*b - 5 = 5*p, 2*p + 7*b - 31 = 2*b. Suppose 0 = -p*n + 4*n - 71. Let i(r) = -n*r - 14 + 140*r - 68*r. Calculate i(6).
-8
Let p(d) = d**3 - 8*d**2 - 4*d + 31. Let q be 26/195 - (-118)/15. What is p(q)?
-1
Let f(y) = -y**3 - 3*y + 1. Let q(g) = g**3 + 12*g**2 + 9*g - 4. Let p be q(-11). Let l = p + -22. Let i be 4 - (l + 24/4). Give f(i).
-13
Let q(u) = -105*u**2 - 1471*u - 21. Let i be q(-14). Let x(l) = l**3 + 9*l**2 + 6. Determine x(i).
104
Let k(x) = -x**2 - 5*x + 3. Let h be k(-5). Let a(t) be the third derivative of -t**4/24 + t**3/3 - t**2 + 5*t + 624. Determine a(h).
-1
Suppose 0 = -77*i + 81*i - 3*f + 19, -5*i - 2*f + 5 = 0. Let p(w) = -10*w**2 - 4*w - 1. Calculate p(i).
-7
Suppose 0 = 10*k - 9*k - 4. Let s be 26/(-39)*(k + 0 + -1). Let g(r) = -5*r**2 + r + 2. Calculate g(s).
-20
Let o(x) = -49*x + 1516901 + 10*x - 1516611. What is o(7)?
17
Let f(z) = 46*z**2 - 41*z - 121. Let c(n) = 9*n**2 - 8*n - 22. Let i(u) = 11*c(u) - 2*f(u). What is i(3)?
45
Let x(w) be the third derivative of -w**4/4 + w**3/3 + 2417*w**2. Suppose 0 = 3*o + 14 - 5. Let y be 1*(1 - 1) + o. Give x(y).
20
Let i = 60 - 58. Let b(f) be the third derivative of 5*f**4/12 + 4*f**2. Let h(y) = -3*y. Let z(p) = i*b(p) + 7*h(p). What is z(-5)?
5
Let h = -34 - -38. Let f(l) = -153*l - l**3 + 15 + 301*l - 16*l**2 - 147*l + h*l**2. Determine f(-12).
3
Let a be ((-32)/6 + 0)*(-150)/1200. Let g(m) be the third derivative of -1/120*m**6 + 1/4*m**4 + 0 + a*m**3 + 6*m**2 - 1/20*m**5 + 0*m. What is g(-4)?
-4
Suppose -7*v - 392 = 53*v + 38*v. Let x(r) = r**3 + 5*r**2 - 6. Calculate x(v).
10
Let g(t) = -t**3 - 23*t**2 - 3*t - 65. Suppose -91*m + 94*m = -3*v - 63, 5*m + 109 = -3*v. What is g(m)?
4
Let m be (957/176)/(9/(-30)) + 2/16. Let t(h) = 2*h**3 + 36*h**2 - 2*h - 34. Give t(m).
2
Let t = -409 - -402. Let s(y) be the first derivative of y**2/2 - 7*y + 395. Give s(t).
-14
Let n(y) be the second derivative of -y**5/10 - 2*y**3/3 - 11*y**2/2 + 265*y + 5. Give n(-2).
13
Let s(f) = f**3 + 7*f**2 + 5*f - 7. Let l = -42 - -44. Let y(t) = -2*t + 0*t + 7 + l*t - 2*t. Let b be y(6). Give s(b).
18
Let u(j) be the first derivative of j**4/4 - 11*j**3/3 + 11*j**2 - 9*j + 3660. Calculate u(7).
-51
Let u(x) be the third derivative of x**6/120 + x**5/6 - 13*x**4/24 - 11*x**3/3 - 16*x**2. Let j be u(-11). Let c(f) = 0 + 0 + j*f - 1 - 2*f. Determine c(-1).
1
Let q(a) = -a**2 - 6*a + 7. Let r(u) = -u**3 + 9*u**2 + 11*u - 11. Let c be r(10). Let y be 5 + -4 + (-34)/c. Suppose -3*n - y = 2*n. Give q(n).
0
Let z(h) = 3*h**3 - 2*h**2 - h - 1. Let t(q) = -7*q**3 - q**2 + 6*q - 15. Let d(v) = -t(v) - 2*z(v). What is d(-6)?
5
Let a(b) = 4 - 1 + 3*b - 6 - b**2. Suppose -12 = 4*f - 4*i, i = -5*f + 2*f + 3. Suppose -2*u - 9 + 13 = f. Calculate a(u).
-1
Let v(m) be the second derivative of 0 - 1/3*m**3 + 7/2*m**2 + 49*m. Let b = 16 - 10. What is v(b)?
-5
Let m(n) = 8*n**2 - 12*n + 9. Suppose 1129 = -5*h + 1139. Give m(h).
17
Let d(g) be the first derivative of -g**4/4 + 5*g**3/3 + 5*g**2/2 - 3*g - 964. Determine d(4).
33
Let v(g) = 148*g**2 + 201*g**2 - 5*g + 7 - 350*g**2. What is v(5)?
-43
Let o(z) = -z**3 + 9*z**2 - 5*z - 4. Let f = 301 - 297. Suppose 61 - 26 = 5*t + 5*j, -4*j - f = 0. What is o(t)?
20
Let f(y) = 101*y + 36173 + 6*y**2 - 18082 - 18099. What is f(-17)?
9
Suppose -3*t = 2*m - 6, 4*t = 3*m - 51 + 8. Let n(b) be the first derivative of -1/2*b**2 - 2*b - m. Give n(-2).
0
Suppose 0*g = g + 5*x, x = -4*g. Let q(y) = y**2 - 8*y - 5. Let h(w) = -2*w**2 + 14*w + 11. Let m(o) = -4*h(o) - 7*q(o). What is m(g)?
-9
Let a(t) be the second derivative of -t**5/20 - 11*t**4/4 - 2*t**3/3 - 133*t**2/2 + 1877*t. What is a(-33)?
-1
Let w(o) = -o**2 + 18*o - 11. Suppose -75 = -5*t + 10. Let i be w(t). Let h(s) = -7 + 7*s - 2 - 5*s**2 + 3 + i*s**2. Determine h(-6).
-12
Let n(f) = -f**3 - 13*f**2 - 35*f + 12. Let h be n(-9). Suppose -50 = 5*r + 3*j, 3*r - 5*j - h - 1 = 0. Let x(s) = s**2 + 7*s - 6. Calculate x(r).
-6
Let z(t) = 212676*t - 2*t**2 - 212642*t + 12 - 51. Calculate z(16).
-7
Suppose -2*v = -4, -2*k - 2*v + 2 = -5*v. Let g(q) = -k - 6 + q**2 + 8. Let n(l) = 2*l + 2. Let s be n(-3). Calculate g(s).
14
Let r(w) = -25*w - 1169. Let y(g) = 4*g + 194. Let b(c) = r(c) + 6*y(c). Let h(k) = -k**3 + k**2 - k - 6. Let a be h(0). Determine b(a).
1
Let x(w) be the third derivative of w**6/120 + w**5/6 + 11*w**4/24 + 3*w**3 + 1728*w**2. Determine x(-8).
58
Let p(o) = o**3 - 5*o**2 + 4*o + 1. Let a(h) = 5*h - 103. Let t be a(21). Suppose 4*n - 5*z - 6 = 0, -5*z + 4*z + t = 0. Give p(n).
1
Let b be (-53)/(-11) + 45/297*-45 + 7. Let h(o) = 2*o**3 - 14*o**2 + 14*o + 6. Determine h(b).
-24
Suppose -37*k - 31*k = -66*k. Suppose k*i - 20 = -5*i, 3*s + 2*i = 17. Let w(q) = q**2 - 2*q - 3. Give w(s).
0
Let q(y) be the first derivative of 19*y**2/2 + 860*y + 13981. Give q(-45).
5
Let q(u) be the second derivative of -2*u**5/5 + u**4/6 + 5*u**3/6 - 3*u**2/2 - 3383*u. What is q(1)?
-4
Let i(s) be the third derivative of s**6/120 - s**5/15 + s**4/24 + 5*s**3/6 + 5*s**2. Let z(a) = 4*a - 3. Let u be z(2). Determine i(u).
35
Suppose -11 = 10*u - 31. Suppose -5*m = u*m + 28. Let s(d) = -1. Let c(y) = 4*y + 3. Let t(f) = c(f) + 2*s(f). Determine t(m).
-15
Let l(d) = 67*d - 140. Let v be l(2). Let z(j) = -2*j**2 - 4*j - 3. Determine z(v).
-51
Let r(v) = 2*v**2 - 137*v - 74. Let s be r(69). Let q(y) = -y**2 - 5*y - 8. Give q(s).
-8
Let m(n) = 47*n - 2*n**2 - 10 - 27*n + 5 - 31*n + 38. Determine m(-8).
-7
Let k(x) = -31*x - 14. Let c(h) = h**3 + 22*h**2 + 100*h - 80. Let n be c(-15). What is k(n)?
141
Let h(u) = 4*u**2 - u**2 + 18 - 18*u - 72 + 27. Determine h(8).
21
Let g(h) = 19*h + 1. Suppose s - 7 = 3*y, 0 = 2*y - 0 + 2. Let m be (-2)/s*(-4)/(-2). Calculate g(m).
-18
Let r(z) be the first derivative of -z**4/4 - 2*z**3 + 2*z + 72. Let u be (4*(-9)/54)/((-1)/(-9)). Give r(u).
2
Let m(l) = -2*l**2 - 10*l - 9. Let u be (-78 - -60)/((-3)/5). Suppose -1037*q + 1031*q = u. Calculate m(q).
-9
Let t(v) = -v**2 - 11*v + 1. Suppose 3*h = 6*h - 2*q - 175, 0 = h - 3*q - 70. Suppose -m - 4*m - h = 0. Calculate t(m).
1
Let b = 2 - 0. Suppose -2*a + b*x + 1 = -x, -3*x = 5*a - 13. Let q(f) = -7*f**2 - 10*f**2 - 3*f - 8*f**2 + 26*f**a + 3. Calculate q(4).
7
Let l(t) = 0*t + 6*t**2 + 10*t**2 - t. Suppose 0 = 2*b - 5*w + 22, 4*b + 24 = -17161*w + 17166*w. Determine l(b).
17
Let j(t) = 13*t**3 - 13*t**2 + 2*t + 42. Let n(d) = -7*d**3 + 7*d**2 - d - 21. Let h(b) = -6*j(b) - 11*n(b). Let f(q) = -2*q**2 + 6*q. Let s be f(3). Give h(s).
-21
Let g(i) = -19*i**2 - i + 1. Let h(u) = u**3 + 8*u**2 + 3*u - 9. Let m be h(-6). Let d = m - 63. Let q be (-24)/(-15) - d/(-30). Give g(q).
-19
Suppose -5*n - f = -252, -254 = -3*n - 2*n - 2*f. Let s be ((-75)/n)/((-6)/8). Let x(k) be the first derivative of -k**3/3 + 3*k**2/2 - 2*k - 117. What is x(s)?
0
Suppose 15 + 8 = 4*p - 5*q, 0 = -2*p + 2*q + 10. Let v(y) = -5 + 9949*y + p*y**2 - 9949*y. What is v(-3)?
13
Let r(s) = -5*s**2 + 11519 + 33*s - 5761 - 5772. Calculate r(6).
4
Let n(g) = -g**3 + 27*g**2 - g + 29. Let p be n(27). Let s(z) be the second derivative of -z**5/20 + z**4/3 - z**3/3 + 11*z. What is s(p)?
4
Let q = -398 - -413. Suppose -q = m + 3*u, -m + 3*u + 39 = -6*m. Let v(y) = -2*y - 8. Give v(m).
4
Suppose 4*l = 4*b - l + 65, -5*b = -4*l + 70. Let o be 1896/9*(-15)/b. Let p(j) = -317 + o - 5*j**2 + j + j. Determine p(1).
-4
Let t = -505 - -511. Let g(w) = -6*w**2 + 23*w**2 - 9*w**2 - 2*w - t - 9*w**2 + w**3. Determine g(3).
6
Let d(p) be the first derivative of -p**5/60 - 11*p**4/24 - p**3/3 + 5*p**2/2 - 33*p + 74. Let o(w) be the second derivative of d(w). What is o(-10)?
8
Let r be 4/3*3*(-3)/(-12)*-2. Let y(g) = 11*g**2 + g + 7. What is y(r)?
49
Let k = -63 - -69. Let h be (-9 + 6 + 28/k)*3. Let l(s) = -8*s + 1. Let y(a) = -a. Let w(q) = h*y(q) - l(q). Give w(1).
2
Let u(k) = 8*k. Suppose 2*z - 21 = 15. Let i = 21 - z. Suppose 4*f - 20 = 0, f - i*f = -5*n. Give u(n).
16
Suppose -101*v - 636 = -232. Suppose -o = -4*w + 18, 2*o = 3*w - 0*w - 11. Let a(s) = 2*s**o - 3*s**2 + 5*s**2 + s**3. Give a(v).
0
Let x be 6 + 3 - (1 - -5). Let q(y) be the first derivative of 3*y**2 + 1. Let l(w) = -w - 1. Let h(k) = -3*l(k) - q(k). Give h(x).
-6
Let d(a) = -a**2 + 5*a - 5. Let z(v) = 6*v - 265. Let g b